 678 - 333. Let s = -40 - -50. Suppose -55 + j = s*u. List the prime factors of u.
29
Let a = 41008 - 22116. What are the prime factors of a?
2, 4723
Suppose 87*m - 1784200 = 43*m. What are the prime factors of m?
2, 5, 811
Let l(k) = k**2 + 5*k + 4. Let s(u) = -u**3 - 11*u**2 + 14*u + 23. Let r be s(-12). Let z be l(r). Suppose 0*p - 4*p + 224 = z. What are the prime factors of p?
2, 7
Suppose 5*s = -4*p - 9 + 2, 13 = 2*p - 3*s. Suppose 2*j + 201 = 3*w + 2*w, -p*j + 168 = 4*w. Let f = w + -27. List the prime factors of f.
2, 7
Let b = -672 + 883. Let z = 65 + -130. Let p = b + z. What are the prime factors of p?
2, 73
Suppose 35445 = 6*x - 4251. List the prime factors of x.
2, 827
Suppose 0 = 278*j - 200*j - 4325490. List the prime factors of j.
3, 5, 3697
Suppose -2*u + b = -18, -4*u + 5*u + 2*b - 14 = 0. Let t be (156/(-5))/((-2)/u). Suppose -3*x + t = -0*x. What are the prime factors of x?
2, 13
Suppose 18*v = -10*v + 7084. Let f = 917 + v. What are the prime factors of f?
2, 3, 5, 13
Let j(u) = -5*u**3 + 4*u**2 + 5*u. Let d be j(-2). Let t = d + -6. What are the prime factors of t?
2, 5
Suppose 334*d - 44 = 323*d. Let u(x) = -840*x**2 + 2*x - 1. Let f be u(1). What are the prime factors of -1 - f/d - (-48)/192?
11, 19
Suppose 14*u = -3*i + 13*u + 4954, 5*i - 8217 = 4*u. List the prime factors of i.
17, 97
Let j(o) = o**3 - 1 - o**3 + 7*o**2 + o**3 + o**2. Let f be j(-6). Let y = f + -35. List the prime factors of y.
2, 3
Let c(u) be the first derivative of u**3/3 - 6*u**2 - 27*u - 11. Let p be c(14). What are the prime factors of (-6)/(2 + (-3 - p))?
3
Suppose -364*s + 265*s = -247104. List the prime factors of s.
2, 3, 13
Suppose 20 = -2*l + 6*l, -4*h + 32 = 4*l. Let y(a) = a**2 - 12*a - 9. Let f be y(13). Suppose k - 590 = -f*b + 157, 555 = h*b - k. List the prime factors of b.
2, 3, 31
Let f be ((-30)/8)/((-24)/320). Let v = 141 - f. List the prime factors of v.
7, 13
Let h(u) = 6*u + 67*u**2 - 63*u**2 - 7 - u. Let v(j) = -13*j**2 - 15*j + 21. Let w(z) = 7*h(z) + 2*v(z). What are the prime factors of w(3)?
2, 13
Let i = 25868 + 6997. What are the prime factors of i?
3, 5, 7, 313
Let x(v) = -6*v + 23. Let w be x(5). Let z be w/(-4)*-54 - 66/44. Let r = z - -124. List the prime factors of r.
2, 7
Let o(q) = -171*q - 1182. List the prime factors of o(-39).
3, 31, 59
Suppose a + 5*f - 27262 = 0, -3*a + 9*f - 8*f = -81866. List the prime factors of a.
13, 2099
Suppose 150 = -9*q + 3489. Suppose 298 = 3*t - 4*i, 4*i - 179 = -t - 69. Let l = q - t. List the prime factors of l.
269
Let z(f) = 2*f**2 - 4*f + 10. Suppose 3*x - 10 = a, -x + 16 = -a + 4*x. Let p be 42/(-6) - 2*(0 + a). List the prime factors of z(p).
2, 5
Let q = 25024 - -6487. What are the prime factors of q?
31511
Suppose 26 = 12*s + 98. Let t(g) = 7*g**2 + 21*g + 23. What are the prime factors of t(s)?
149
Suppose 11*w + 97*w = -13*w + 913187. List the prime factors of w.
7547
Let b be 1/(-2)*-4*(-20 - 3). Let a = 49 + b. Suppose c - 5*x - 96 = 0, a*x - 4*x - 330 = -3*c. List the prime factors of c.
3, 37
Let r(j) = 97*j - 735. List the prime factors of r(61).
2, 2591
Suppose -2989 - 10520 = -9*u. List the prime factors of u.
19, 79
Let w(d) = -5*d - d - 255*d**2 + 123*d**2 + 131*d**2. Let h be w(-7). What are the prime factors of (-940)/h + 4/(-14)?
2, 67
Suppose -4*j + 1514 = 2*o, -435 - 3320 = -5*o - 4*j. Suppose -9*k + 12*k = -o. What are the prime factors of k*(-4)/(3 + 9)?
83
Let l be ((-72)/(-42) + -2)*-14. Suppose -l*h + 3089 = -2723. What are the prime factors of h?
1453
Let j be -3 + 8/14*7. What are the prime factors of 14*(-179*j/2)/(-1)?
7, 179
Let i(m) = -3*m**2 + 102*m + 6. What are the prime factors of i(15)?
3, 7, 41
Let w(r) = 42*r**2 - r - 6. Let b be w(-6). Suppose -4*t + 1208 = -8*q + 10*q, 3*q - b = -5*t. What are the prime factors of t?
2, 3, 5
Suppose -7*q - 7313 = -1321. Let r = 1607 + q. List the prime factors of r.
751
Suppose 2*n - 44 = -4*z, -3*z = 2*z + 4*n - 58. Let f be (-39)/65 - 3/z*-22. Suppose -f*v - 50 + 212 = 0. List the prime factors of v.
3
Let r = 56 - -2868. Let f be 3/12 + r/16. Suppose -167 = -7*c + f. What are the prime factors of c?
2, 5
Let p = -236 + 247. Suppose -2*x = 2*i - 28, -4*x - p = 3*i - 67. What are the prime factors of x?
2, 7
Suppose 331596 = 320*j - 259*j. List the prime factors of j.
2, 3, 151
Let q(a) = 81*a**2 + 940*a + 35. List the prime factors of q(-24).
59, 409
Suppose -2*y - 806 = 1706. Let m = y + 876. What are the prime factors of ((-8)/(-20))/((-2)/m)?
2, 19
Suppose 0 = 2*n - 4678 + 788. Let f = -735 + n. List the prime factors of f.
2, 5, 11
Let y(x) = 2*x**2 - 34*x - 14. Let z be y(17). What are the prime factors of 116/(-104)*-146 + z/(-91)?
163
Let y(g) = -2016*g - 1180. What are the prime factors of y(-4)?
2, 1721
Suppose 3*g - 28009 = 3*b + 75128, -103132 = -3*g - 2*b. List the prime factors of g.
2, 17189
What are the prime factors of (-2)/(-11*(-18)/(-2996631))?
30269
Let q be 7 - (-1*1)/(46/(-184)). What are the prime factors of (q + 2 + -4)/(1/1471)?
1471
What are the prime factors of (6/24)/((90/(-212136))/(-15))?
8839
Let h(z) = -z**2 - 22*z + 6631. List the prime factors of h(0).
19, 349
Let n(v) = 6*v**2 + 3*v + 2. Let l be n(-1). Suppose -6 = -4*u - l*p, -4*u - 2*p = -8*u + 20. Suppose -u*b + 398 = -114. List the prime factors of b.
2
Let s be -8 + 8 - (-3684 - -2)/2. Suppose 3*x + 5*v + 268 = s, 2*x = -v + 1044. What are the prime factors of x?
521
Suppose -16*c = -115 - 365. Let h = 282 - c. What are the prime factors of h?
2, 3, 7
Suppose -38*p - 19*p = -869219 + 27557. What are the prime factors of p?
2, 3, 23, 107
Suppose 144 = -24*l + 36*l. Let t(s) = 5*s**3 + 2*s**2 + s - 1. Let u be t(2). Suppose y - u = l. List the prime factors of y.
61
Suppose -2*k = 4*x + 2 + 2, 5*x - 8 = 4*k. Suppose x*r = 3*r + 18. What are the prime factors of (644/21)/((-2)/r)?
2, 23
Let i be -1*((-1 - (1 - 1)) + -3). Suppose 2*l = -i*l + 1182. What are the prime factors of l?
197
Let s(l) = -l**3 + 7*l**2 - l + 7. Let z be s(7). Suppose -8*f - 2008 = -12*f + 284. Suppose f = -z*n + 3*n. What are the prime factors of n?
191
Let o(f) = -58*f**3 - 2*f**2 + 14*f + 63. List the prime factors of o(-7).
3, 7, 941
Suppose 5*l = -3*o + 32454, -1502*o - 4*l - 32454 = -1505*o. What are the prime factors of o?
2, 3, 601
Let b = 27840 - 18860. What are the prime factors of b?
2, 5, 449
Let i(n) = -104*n + 48. What are the prime factors of i(-88)?
2, 5, 23
Suppose 11*i - 52370 = 9*i - 2*n, 2*i + 5*n - 52355 = 0. List the prime factors of i.
2, 3, 5, 97
Let y be 2/7 + 642/(-42). Let p be (46/10 - 5) + (-66)/y. Suppose 6*q - p*q = 240. List the prime factors of q.
2, 3, 5
Suppose 0 = 4*l - 2*l + 2. List the prime factors of (-2 + -609)/l + (-45 - -42).
2, 19
Let k(j) = 2*j**3 + 37*j**2 + 17*j + 10. Let n be k(-18). Suppose -26*y = -n*y + 790. What are the prime factors of y?
5, 79
List the prime factors of ((-10501200)/110)/(-8) + ((-2)/(-11))/(-1).
11933
Suppose 4*o - 4*f = 38816, -5*o - 4*f + 29091 = -2*o. List the prime factors of o.
89, 109
Suppose -3220*o = -3221*o + 10923. What are the prime factors of o?
3, 11, 331
Suppose 0 = -2*s - 2*t + 4440, 3*s - 238*t - 6660 = -235*t. What are the prime factors of s?
2, 3, 5, 37
Suppose 4*c - 5*r + 8 = -r, 5*c = -2*r + 11. Let x be 1/c - (-61 - (6 + -2)). Suppose 0*g = 6*g - x. List the prime factors of g.
11
Let m = -1075 - -1527. Suppose 13*b = 7998 + m. What are the prime factors of b?
2, 5, 13
Let m(x) = 22*x + 2. Let f be ((-2)/4 - 0) + (-77)/(-14). Suppose -o = 4*o - 10, 3*a + f*o - 19 = 0. List the prime factors of m(a).
2, 17
Let p = 4749 - -619. List the prime factors of p.
2, 11, 61
Suppose -4*f - 10766 = 5*p - 0*p, 0 = 3*p - 4*f + 6466. Let v = -822 - p. What are the prime factors of v?
2, 3, 37
Let n(m) = -2*m + 1. Let q(s) = 76*s + 1. Let f(b) = 4*n(b) + q(b). What are the prime factors of f(3)?
11, 19
Suppose 4*y - 5*v = y + 940, -4*y + 1232 = 4*v. Suppose 3*k - 2*g - 186 = 0, -2*k - 3*k - 3*g = -y. Let j = k + -25. List the prime factors of j.
37
Let i = -5439 + 16116. What are the prime factors of i?
3, 3559
Suppose 5*p + 4*d + 38 = 0, -5*p - 18 = -2*p + 4*d. Let o be (51 - 2) + p + 13. Let x = o - 39. List the prime factors of x.
13
Suppose 25*t + 11356 = 3